ase 8) to base 16
-2876
Convert 41608 (base 9) to base 7.
143036
-1150 (base 11) to base 14
-799
Convert -110100001110110 (base 2) to base 6.
-323450
-791 (base 15) to base 14
-8a3
Convert 688 (base 11) to base 9.
1113
Convert -a1b (base 12) to base 15.
-678
145 (base 9) to base 12
a2
379 (base 10) to base 8
573
1120221 (base 3) to base 13
6b2
Convert 11143 (base 6) to base 12.
ab3
Convert -1616 (base 7) to base 15.
-2d5
Convert -7c (base 13) to base 6.
-251
Convert 18086 (base 13) to base 4.
23102213
Convert -c439 (base 13) to base 14.
-9c2c
What is 35456 (base 12) in base 11?
49791
-10011111011001 (base 2) to base 3
-111222211
What is 1281 (base 10) in base 13?
777
What is -113141 (base 5) in base 8?
-10113
200 (base 8) to base 12
a8
Convert -25 (base 6) to base 14.
-13
What is 27990 (base 10) in base 5?
1343430
-52615 (base 10) to base 2
-1100110110000111
-7c2 (base 16) to base 10
-1986
Convert 2463 (base 7) to base 5.
12202
Convert 111201 (base 4) to base 3.
1220000
What is -14a (base 15) in base 8?
-447
What is 2045 (base 6) in base 9?
562
6a71 (base 11) to base 3
110201111
Convert 230112 (base 4) to base 5.
42323
-10233 (base 4) to base 11
-256
Convert 22120 (base 9) to base 15.
4539
Convert -634 (base 9) to base 2.
-1000000101
10312 (base 4) to base 8
466
What is 804 (base 13) in base 16?
54c
What is -52d (base 15) in base 8?
-2220
-146 (base 13) to base 8
-343
Convert 455 (base 8) to base 3.
102011
What is 1561 (base 8) in base 10?
881
Convert 51353 (base 6) to base 5.
204322
-bee (base 15) to base 14
-dab
4601 (base 8) to base 4
212001
121221222 (base 3) to base 9
17858
Convert -26 (base 12) to base 15.
-20
555 (base 6) to base 11
186
What is -1100010010 (base 2) in base 15?
-376
Convert -14b (base 13) to base 10.
-232
What is -110 (base 12) in base 8?
-234
What is 1051 (base 8) in base 11?
463
1011000001101 (base 2) to base 7
22313
1021201 (base 3) to base 15
427
What is -15505 (base 8) in base 7?
-26232
Convert -16408 (base 10) to base 15.
-4cdd
What is 2020022 (base 3) in base 5?
23003
1010110000 (base 2) to base 12
494
Convert 20010011 (base 3) to base 13.
2050
What is 10001001101100001 (base 2) in base 16?
11361
Convert -3324 (base 9) to base 13.
-1168
19c4 (base 13) to base 12
22b2
1110001010000 (base 2) to base 11
549a
160 (base 11) to base 14
d5
What is 55c7 (base 15) in base 11?
12734
What is 922 (base 16) in base 12?
142a
What is 23041 (base 6) in base 16?
cc1
Convert -3300 (base 4) to base 10.
-240
What is 111133 (base 4) in base 14?
703
885 (base 13) to base 14
765
What is -8651 (base 10) in base 7?
-34136
30420 (base 5) to base 4
133001
What is 13aa (base 12) in base 13?
1072
What is 23210 (base 7) in base 15?
1b5b
What is 493 (base 11) in base 2?
1001001010
-2304 (base 8) to base 9
-1605
What is 1111231 (base 4) in base 2?
1010101101101
9b0 (base 16) to base 13
118a
-1638 (base 10) to base 4
-121212
Convert -744 (base 13) to base 15.
-579
e4 (base 15) to base 2
11010110
Convert 531 (base 13) to base 11.
735
What is -1022121000 (base 3) in base 9?
-38530
Convert 4d49 (base 14) to base 16.
3515
Convert -101011011010 (base 2) to base 5.
-42103
-483 (base 16) to base 10
-1155
779 (base 12) to base 9
1453
What is -13767 (base 11) in base 5?
-1111204
Convert 11122202 (base 3) to base 6.
23415
Convert 46c (base 14) to base 6.
4024
Convert -53410 (base 6) to base 11.
-5517
211323 (base 4) to base 15
abc
What is -50462 (base 8) in base 3?
-1001111212
What is -100002 (base 3) in base 16?
-f5
200102000 (base 3) to base 4
3101223
What is -40a5 (base 15) in base 11?
-a294
Convert -33550 (base 9) to base 8.
-53460
What is -1020 (base 3) in base 8?
-41
What is -10000011100100 (base 2) in base 4?
-2003210
What is 2101001 (base 3) in base 10?
1729
33 (base 14) to base 4
231
-1210022 (base 3) to base 8
-2430
Convert 21121021 (base 3) to base 10.
5542
Convert c6b (base 15) to base 5.
42201
Convert 121 (base 15) to base 12.
194
Convert -55b (base 13) to base 6.
-4133
-376 (base 8) to base 3
-100102
What is -16 (base 10) in base 15?
-11
2132312 (base 5) to base 13
13860
-374 (base 14) to base 8
-1262
-7625 (base 13) to base 6
-204012
7b (base 12) to base 10
95
2124 (base 7) to base 3
1000220
Convert -2d8 (base 14) to base 8.
-1106
What is -1132324 (base 5) in base 7?
-115056
34124 (base 5) to base 7
10016
Convert 24152 (base 6) to base 13.
17b1
What is 41173 (base 8) in base 3?
212100100
-2032000 (base 4) to base 8
-21600
What is 1201 (base 7) in base 10?
442
530 (base 12) to base 13
462
What is -6768 (base 10) in base 14?
-2676
-26b4 (base 15) to base 3
-102100021
Convert -20246 (base 7) to base 14.
-1b26
What is -51723 (base 8) in base 12?
-10503
Convert -10840 (base 14) to base 15.
-bce5
Convert -82 (base 15) to base 4.
-1322
What is 1b012 (base 13) in base 4?
30320013
Convert 10311 (base 4) to base 5.
2214
What is 26720 (base 9) in base 5?
1034311
Convert 321 (base 12) to base 11.
386
Convert -77313 (base 8) to base 16.
-7ecb
Convert 10000111111 (base 2) to base 7.
3112
Convert cbc (base 16) to base 2.
110010111100
What is -10000110 (base 2) in base 7?
-251
4c9 (base 13) to base 5
11331
-22124 (base 5) to base 4
-120003
What is ba2 (base 12) in base 5?
23311
-a73 (base 12) to base 11
-1169
Convert -241301 (base 5) to base 12.
-521b
-100111100000 (base 2) to base 6
-15412
Convert -331 (base 5) to base 3.
-10101
Convert 501 (base 12) to base 2.
1011010001
-64e (base 16) to base 6
-11250
What is -3403 (base 6) in base 13?
-492
What is 77 (base 8) in base 5?
223
Convert -1010110011101 (base 2) to base 14.
-2033
What is 1322233 (base 4) in base 15?
24da
What is -15acc (base 13) in base 14?
-11136
What is 10001000101 (base 2) in base 4?
101011
5f7 (base 16) to base 14
7b1
What is -14112 (base 8) in base 15?
-1c98
What is 2551 (base 8) in base 4?
111221
1339 (base 10) to base 14
6b9
What is -16a (base 16) in base 15?
-192
-3143 (base 10) to base 14
-1207
8033 (base 15) to base 14
9c00
Convert 11563 (base 9) to base 12.
45a0
What is -4a6 (base 13) in base 5?
-11222
What is 1000000100001101 (base 2) in base 15?
9bc7
Convert 1464 (base 9) to base 6.
5051
Convert 6211 (base 9) to base 6.
33014
What is 1236 (base 7) in base 16?
1d4
-168 (base 15) to base 4
-11003
What is -42e (base 16) in base 10?
-1070
Convert 47531 (base 8) to base 6.
234013
What is 5145 (base 8) in base 6?
20153
206 (base 8) to base 3
11222
-120442 (base 6) to base 3
-112110022
-d90 (base 16) to base 15
-1067
Convert 23a83 (base 12) to base 16.
bc43
Convert -8b67 (base 12) to base 11.
-106aa
Convert -103311 (base 4) to base 11.
-a54
1000110010111 (base 2) to base 7
16062
Convert 154143 (base 6) to base 3.
202211100
What is 158 (base 15) in base 8?
464
What is 10126 (base 8) in base 12?
2506
-3860 (base 14) to base 13
-4664
-2d8 (base 14) to base 12
-406
What is -1100110111110 (base 2) in base 10?
-6590
What is -712 (base 8) in base 14?
-24a
Convert -14001 (base 6) to base 12.
-1301
Convert -183 (base 15) to base 12.
-250
622 (base 10) to base 12
43a
160632 (base 7) to base 6
401550
Convert 5333 (base 7) to base 11.
1465
Convert 42652 (base 9) to base 5.
1400420
-1573 (base 10) to base 14
-805
17134 (base 8) to base 16
1e5c
-461 (base 8) to base 5
-2210
Convert -3b5 (base 12) to base 9.
-702
-145 (base 10) to base 4
-2101
-44623 (base 7) to base 6
-124131
What is 2038 (base 12) in base 14?
13c0
Convert -b05a (base 14) to base 9.
-45456
What is -11011001 (base 3) in base 6?
-22001
What is 234043 (base 5) in base 12?
5008
1013 (base 10) to base 11
841
Convert -4c9 (base 16) to base 10.
-1225
-3bc (base 16) to base 6
-4232
4410 (base 7) to base 4
120213
Convert -836 (base 11) to base 2.
-1111101111
-2232 (base 4) to base 5
-1144
What is -2531 (base 9) in base 2?
-11101100011
What is -1100001100 (base 2) in base 10?
-780
77 (base 13) to base 6
242
-3324 (base 8) to base 3
-2101202
What is 102 (base 15) in base 2?
11100011
-4be (base 15) to base 3
-1110222
-1010110100 (base 2) to base 7
-2006
Convert 102c8 (base 16) to base 13.
24200
-34322 (base 6) to base 10
-4874
What is -212300 (base 4) in base 13?
-118a
What is -23002 (base 4) in base 8?
-1302
What is -5c27 (base 15) in base 6?
-230444
Convert 7ba9 (base 16) to base 6.
402321
What is -101001110111 (base 2) in base 12?
-1673
W